m?
3
Suppose 4*o - 5*n = 13426, -2*n - 5578 = -3*o + 4495. What is the units digit of o?
9
Let n be 9165*(0 + (-96)/(-40)). Suppose 25*m - n = -m. What is the units digit of m?
6
Let q(r) = 7*r + 15. Suppose 7*h = 8*h + 5. Let m be q(h). Let g = 7 - m. What is the units digit of g?
7
Suppose 6*o - 4795 - 35 = 0. Suppose 7*c - 12*c = -o. What is the tens digit of c?
6
Let v = -676 - -506. Let g = v + 1086. What is the hundreds digit of g?
9
Let y = 107 + -206. Let g = 75 - y. Suppose 3*o + i = 5*o - 166, -2*o + 3*i + g = 0. What is the units digit of o?
1
What is the ten thousands digit of 1/3*(-74 - -71)*-7 + 78562?
7
Let s = -64 + 71. Suppose -s*r + 9*r - 334 = 0. Suppose 3*k + 3*o - 363 = 0, 4*k = -2*o + 309 + r. What is the units digit of k?
7
Suppose -2*a + 2*r = 4, -4*r - 1 = 3*a - 9. Suppose a = 4*p + 246 + 242. Let m = p + 196. What is the units digit of m?
4
Let u(z) = -3739*z - 1995. What is the ten thousands digit of u(-5)?
1
What is the hundreds digit of (2 - 3)*5 - (-33 + 15 - 18344)?
3
Suppose -67 = -8*h - 35. Suppose 5*t + x = 1196, 6*t - 4*t = h*x + 496. What is the units digit of t?
0
Let q be ((-26)/(-6))/((-5)/(-60)). Suppose 4*g + 2*s + 28 = 7*g, -4*g - s = -q. What is the units digit of -4*((-33)/g - -2) + 93?
6
Let l(g) = 40*g**2 + 28*g - 123. What is the thousands digit of l(-24)?
2
Let d = 29 + -26. Suppose -3*l + 239 = -i, l = 5*i - d*i + 73. What is the hundreds digit of 982/6 - 54/l?
1
Let r(v) be the first derivative of -4*v - v**2 + 4/3*v**3 + 6 - 9/4*v**4. What is the tens digit of r(-2)?
8
Let p(d) = -d**3 + 8*d**2 + 10*d - 10. Let j be 19/4 + -5 + (-37)/(-4). Let y be p(j). What is the tens digit of (-2 + 1 + y)/((-16)/128)?
1
Suppose -151 - 89 = -5*c. Suppose 12*p = 4*p + c. What is the tens digit of (9/p)/(15/1220)?
2
What is the tens digit of (-1)/4 - 120925/(-100)?
0
Suppose 0*j - 4*j = 4*m - 2532, 0 = 2*j + 4*m - 1256. Let d = 1072 - j. What is the units digit of d?
4
Let m be 5 + 1 - -1*2. Let i = -2042 - -2213. Suppose 11 = -m*t + i. What is the tens digit of t?
2
Suppose 0*m + m - 10954 = -5*w, 0 = m + 2*w - 10960. What is the units digit of m?
4
Let v(z) = -456*z**2 - 8*z - 1. Let u be v(-1). Let m = 963 + u. What is the units digit of m?
4
Let r(s) = 605*s - 13. Let h be r(-2). Let a = -534 - h. What is the tens digit of a?
8
Suppose -5*z = n - 17 - 1, -2*z + 3*n = -14. Suppose -2*y + 8 = -0*y, -1080 = -z*j - 4*y. What is the tens digit of j?
6
Let f = -2164 - -3384. Let d = f - 381. What is the hundreds digit of d?
8
Suppose -5*w - 4*x = -114820, -33*x + 29*x + 45928 = 2*w. What is the units digit of w?
4
Suppose 6*t + 5*t = -24310. What is the hundreds digit of 2 + ((-1)/2)/(5/t)?
2
Let x = -167 - -185. Suppose 0 = 14*b - x*b + 492. What is the tens digit of b?
2
Suppose 2*m = -5*k + 28881, -k + 2891 = -2*m - 2878. What is the thousands digit of k?
5
Let g = -445 + 455. Suppose 3*i = -15, 5*m + g*i - 5*i - 5330 = 0. What is the units digit of m?
1
Suppose -2*n + 12*y - 8*y = -26084, 4*n - 3*y = 52193. What is the ten thousands digit of n?
1
What is the units digit of -18 - (25 - 635122/23)?
1
Let v(x) = x + 13. Let z be v(-4). Let u(f) = f**3 + f**2. Let t(a) = 3*a**3 + 12*a**2 + 3*a - 1. Let b(w) = -t(w) + 4*u(w). What is the units digit of b(z)?
5
Let d = -5765 - -8459. Suppose m + 4*m - 6758 = -k, -2*m = 5*k - d. What is the hundreds digit of m?
3
Let h = -19450 + 51436. What is the thousands digit of h?
1
Suppose -y - 433 = 3*m, 589 = -4*m + 3*y - 2*y. Let d = m + 182. What is the units digit of d?
6
Suppose 18522 = 4*g + 5*o, o = -26*g + 24*g + 9258. What is the thousands digit of g?
4
Suppose -30*m - 354 = -33*m. Suppose v + v = m. Let d = 140 - v. What is the units digit of d?
1
Suppose 140926 + 1283 = -94*o + 103*o. What is the tens digit of o?
0
Let p be -8 + (-10)/(-2) - -8. Suppose -13*j - p*j = -20934. What is the thousands digit of j?
1
Let j(i) = 9*i**3 + 5*i**2 - 32*i - 110. What is the thousands digit of j(9)?
6
Suppose 4*c - 3*p = 162, -c - 4*p - 164 = -5*c. Let g = 41 - c. Let w(v) = 13*v**3 - 3*v**2 + 2*v - 3. What is the units digit of w(g)?
3
Suppose -4*z + 37998 = 2*j, 14*j - 19020 = 13*j + 5*z. What is the thousands digit of j?
9
Suppose 35*u + 7*u - 479220 = 35*u. What is the hundreds digit of u?
4
Suppose 4*d + 20 = -0*d, 0 = 2*m + 2*d. Suppose 0 = -m*n + 6307 - 97. What is the thousands digit of n?
1
Let y = -19 + 60. Suppose -y = -3*r + 4*a, -3*r - 5*a = -121 + 44. Suppose -5*x - r + 49 = 0. What is the units digit of x?
6
Suppose -3*p = 4*l - 3 - 2, -2*p = -2*l - 8. Let o be p/(-9*(-1)/6). Suppose -3*g = o*n + n - 261, g = -4*n + 93. What is the units digit of g?
5
Suppose -13*z = -9*z. Suppose -18*n + 28*n - 4200 = z. What is the units digit of n?
0
What is the tens digit of 56818/10 - (-756)/(-945)?
8
Let v = 205 + -201. Let a = -7 - 1. What is the units digit of (-4)/a + 202/v?
1
Suppose -13 = -7*f + 8. Suppose -3*c + f*p + 180 = 0, 2*c - 5*p = 17 + 91. What is the tens digit of c?
6
Let d(x) = 2*x**2 + 29*x - 12. Let i be d(-15). Suppose -i*s = -9, -2*s = 5*q - s - 38. Suppose -q = -2*f + 69. What is the tens digit of f?
3
Suppose v + 5*k = 19381, -4*v + 135*k = 134*k - 77545. What is the ten thousands digit of v?
1
Let n = 10501 + -4148. What is the hundreds digit of n?
3
Suppose -k + 1 = 3*j, k = 3*k - 3*j + 7. What is the tens digit of 35 + -35 + (-2692)/k?
4
Let b = -6990 + 13476. What is the units digit of b?
6
Suppose -2*c = 3*c - l - 8, 6 = 4*c - l. Suppose -947 = -3*b - d, -3*d - 140 = -c*b + 473. What is the tens digit of b?
1
Let l = 422 + -418. Suppose -x = -102*r + 104*r - 619, -4*x = -l. What is the tens digit of r?
0
Suppose -1961735 = -104*n - 305572 + 1821701. What is the tens digit of n?
4
Let c be (-7)/(4 + 2714/(-678)). Suppose -k + 733 = -5*p + c, p = k + 324. What is the units digit of p?
9
Suppose 23*a + 3287 = -4510. Let t = -14 - a. What is the hundreds digit of t?
3
Suppose -24 = 5*s - 3*s. Let z(y) = 14*y + 14. Let k be z(s). Let m = k + 252. What is the units digit of m?
8
What is the tens digit of 25751 - (-15 + 9 - (-10 - 7))?
4
Let y(d) = -3824*d + 2. Let n be y(1). What is the tens digit of (n/(-52))/(1/2)?
4
Suppose 15*p + 45*p - 177804 = 16*p. What is the units digit of p?
1
Let x = 89 + -87. Suppose x*z - 8 = -0*z + 4*w, 0 = -3*z - 4*w - 8. Suppose -59 + 353 = 2*n - 3*j, z = 2*n + j - 302. What is the hundreds digit of n?
1
Suppose -4*x + 120 = 2*x. Let j = x - 18. Suppose 0*h = -2*h + m + 517, 5*m - 547 = -j*h. What is the units digit of h?
1
Suppose 2*y = -8*o + 13954, -2*y + 10*o = 7*o - 13987. What is the tens digit of y?
8
Let t(p) = p**3 + 9*p**2 + p + 14. Let r be t(-9). Suppose 0 = -4*c - 0*c - h + 485, -c + 95 = -r*h. What is the units digit of (-2)/(10/c*2/(-6))?
2
Suppose -4*y = f - 58151, 120*f + 232514 = 124*f + y. What is the units digit of f?
7
Let p(i) = 2*i - 6. Let c be p(4). Suppose -2*r = -c*x - 8, -5*r = 7*x - 10*x - 22. Suppose 24 = 5*g - 4*j - 123, 134 = 4*g + r*j. What is the units digit of g?
1
Let j be (-8)/6*(-24)/16 + 5. Suppose 5*h - 429 = -2*v, -635 = j*v - 10*v + h. What is the tens digit of v?
1
Let a(l) be the first derivative of l**3 + 0*l**2 - 1/2*l**4 - 3*l - 16. What is the units digit of a(-2)?
5
Suppose -6 = -m, 3*c - 2683 - 4337 = 3*m. What is the hundreds digit of c?
3
Let g(p) = 4*p**2 + 2*p - 1. Let k be g(1). Suppose -2*y + k*b + 6 = 0, 3*y - 4*b = -y. What is the hundreds digit of (-6856)/(-44) - 1 - y/11?
1
Let s = -561 + 945. Let y = s + -176. What is the tens digit of y?
0
Let y = 240598 - 160849. What is the hundreds digit of y?
7
What is the thousands digit of (3/(15/7694))/((-12)/(-120))?
5
Let g(l) = 24*l**2 - 16*l - 27. Let y be g(-2). Suppose 12*u = 11*u + 209. Let s = u - y. What is the tens digit of s?
0
Let c be (-20)/6*(3 - 660/25). Let d = 228 - c. Suppose -206 - d = -4*q. What is the tens digit of q?
8
Suppose -2*x = -u - 23, 5*x + 5*u - u = 64. Suppose 9*o = x*o - 6. Suppose d - 769 = -5*a, 158 = a - 2*d - o*d. What is the tens digit of a?
5
Let n(f) be the third derivative of -133*f**4/24 - 46*f**3/3 + 3*f**2 + 3. What is the units digit of n(-9)?
5
Let s(x) = x**3 + 50*x**2 + 146*x - 3. What is the units digit of s(-25)?
2
Suppose 58*y - 63*y + 10710 = -5*a, y + 2*a = 2